 5*q + 5*c. Suppose -3*y = -j + q*y + 53, -4*y = 2*j - 176. Calculate the remainder when j is divided by 21.
15
Suppose -17*h - 1438 = -9207. What is the remainder when h is divided by 5?
2
What is the remainder when 94/141 - 3369/(-9) is divided by 79?
59
Let p be (3/9)/(2/54). Suppose 0 = 6*x - p*x + 18. Calculate the remainder when 16 is divided by x.
4
Suppose 5*j - j - 12 = 0. Suppose -4*z + 106 = 2*u, 15 = 2*z + 4*u - 23. Suppose 26*f = z*f - 21. Calculate the remainder when f is divided by j.
1
Suppose -a + 28 = 24. Suppose -a*f = -2*p - 131 + 51, 20 = f + 2*p. What is the remainder when 77 is divided by f?
17
Let i = 43 + -47. Calculate the remainder when 2 - (-4 + i) - (-1 - 2) is divided by 2.
1
Let t be ((-4)/6)/((-2)/(-6)). Suppose -2064 = 12*a - 2460. Calculate the remainder when a is divided by (-58)/(-6) + t/3.
6
Suppose 5*x + 169 = 2*v + 52, 5*v - 5*x - 285 = 0. Calculate the remainder when 222 is divided by v.
54
Let j = 280 + -263. Calculate the remainder when (66/(-5))/((-1)/5) is divided by j.
15
Let b = 635 + -617. What is the remainder when 264 is divided by b?
12
Let i(m) = -7*m + 9. Let z be i(7). Let h = -395 + 384. Let o = h - z. Calculate the remainder when o is divided by 6.
5
Suppose 3*c + 5*b - 130 = -0*c, -c + 34 = 4*b. Let g = 1891 + -1880. Calculate the remainder when c is divided by g.
6
Let z = 93 - 63. Suppose -171 = -11*v - 50. Calculate the remainder when z is divided by v.
8
Suppose -p + 0*c + 4*c = -31, 48 = 3*p + 3*c. Suppose -5*s - 5*j + 35 = 0, 5*s + 4*j - 33 = -0*s. Calculate the remainder when p is divided by s.
4
Let g be (-2*1)/2*(4 + -62). Let r be 1*(1*-37 + 0). Let k = g + r. What is the remainder when k is divided by 12?
9
Let q(j) = j**2 + 21*j + 8. What is the remainder when 28 is divided by q(-21)?
4
Suppose -4*m - m = 15. Let x be (0 - 1)/(m/(-18)). What is the remainder when 8 - (x/2 + 0) is divided by 7?
4
Suppose 7*p = 46*p - 13026. What is the remainder when p is divided by 165?
4
Let s(l) = l**3 - 8*l**2 + 19*l - 34. What is the remainder when 12 is divided by s(6)?
4
Calculate the remainder when (-3)/(18/42) - -395 is divided by 15.
13
Suppose -6*w - w = -21. Suppose -w*k + 62 + 10 = 0. What is the remainder when 1 + 47 + -1 + 0 is divided by k?
23
Let d(z) = -z**2 - 15*z + 39. Let h be d(-17). Suppose -3*t + 3*j = 0, h*t + 4*j - 2*j - 14 = 0. What is the remainder when 6 is divided by t?
0
Suppose 0*b - 2*b = -42. Suppose 0*p - 3*p = -b. What is the remainder when p is divided by 4?
3
Let u = 743 + -725. Calculate the remainder when 310 is divided by u.
4
Let i = -299 - -303. What is the remainder when (2/(-4))/((-3)/42) is divided by i?
3
Suppose -34*a + 36*a + 6 = 0, 6*a = 5*q - 43. Let n = -80 + 139. Suppose -x + 3*x - 5*k - n = 0, 4*k = -4. Calculate the remainder when x is divided by q.
2
What is the remainder when 181 is divided by (2 + -42)*1/(-2)?
1
Suppose t + 4*m = -2, 4 = -4*t - 4*m - 16. Calculate the remainder when 13 is divided by ((-12)/15)/(t/45).
1
Suppose 27*d - 123 = 26*d. What is the remainder when d is divided by 26?
19
Let c(a) = -a - 1. Let y(z) = 40*z + 30. Let u(n) = -30*c(n) - y(n). What is the remainder when 59 is divided by u(-2)?
19
Suppose -v + 92 - 84 = 0. Suppose 0 = v*w + 2*w - 80. Calculate the remainder when 62 is divided by w.
6
Let y(d) = -6*d**3 - 34*d**2 + 2*d + 17. Calculate the remainder when 1151 is divided by y(-6).
73
Let j(h) = h**2 + 6*h + 15. What is the remainder when 55 is divided by j(-8)?
24
Suppose 0 = -3*p + 93 - 27. What is the remainder when 62 is divided by p?
18
Let o be 9 + -3 + 1 + -1. Suppose -5*z = -o*z + 12. Calculate the remainder when 67 is divided by z.
7
Suppose 0 = -5*b - 4*n + 4803, 94*n - 96*n = 4*b - 3840. What is the remainder when b is divided by 74?
71
Suppose 7*y = a + 2*y - 725, a - 690 = -2*y. Let r be ((-12)/(-10))/(15/a). What is the remainder when (-15)/(-10)*r/6 is divided by 4?
2
Suppose 314 = 11*d - 9*d - 5*a, -3*d + 2*a + 482 = 0. What is the remainder when d is divided by 28?
22
Suppose -3*c + 40 = -2*c. Suppose 3*o + 5*j - c = -2*o, 0 = 5*o + 3*j - 48. What is the remainder when 80 is divided by o?
8
Let o = -12086 + 12122. Suppose -v + 3*v = 16. Calculate the remainder when o is divided by v.
4
Let c = -48 + 122. Let f = -55 + c. Calculate the remainder when 2*2 + -2 + 54 is divided by f.
18
Let h(c) = c**2 - 10*c - 14. Let v(b) = b + 1. Let s(g) = -h(g) + 2*v(g). Let q be s(13). What is the remainder when 37 is divided by 1*-5*(q - 5)?
7
Suppose 0 = -23*j + 745 + 83. Calculate the remainder when 128 is divided by j.
20
Let c = -26 + 41. Suppose -3*k - 25 = -4*n - 2*k, -2*k = 5*n - c. Suppose 5*d - 15 - n = 0. Calculate the remainder when 7 is divided by d.
3
Let a(m) = 4*m**3 - 10*m**2 + 4*m + 3. Let d be a(-3). Suppose 0 = z - 10 + 138. Let y = z - d. Calculate the remainder when y is divided by 20.
19
Suppose 0 = 3*k + 9, -3*i + 75 = 4*k - 6*k. Calculate the remainder when 83 is divided by i.
14
Let i be (-1 - 6)*81/(-9). Suppose v + i = 4*v. Calculate the remainder when v is divided by 9.
3
Let d(k) = -2*k**3 + 2*k**2 + 114. What is the remainder when d(0) is divided by 35?
9
Let k(t) be the first derivative of t**3/3 + 7*t**2/2 - 3*t - 9. What is the remainder when k(-9) is divided by 6/(1 + 0/(-1))?
3
Suppose 200*a = 190*a + 140. Let i = 49 - 33. Suppose i + 35 = g. What is the remainder when g is divided by a?
9
Let l = 9 - -17. What is the remainder when -14 - (-248)/18 - (1788/(-27) + 0) is divided by l?
14
Let p be 217 - (-6)/(-4)*22/33. Calculate the remainder when -4 + 1/(-1 - p/(-214)) is divided by 15.
13
Let k(r) = 25*r - 30. Calculate the remainder when 55 is divided by k(2).
15
Suppose -11 = -2*r - 11. What is the remainder when 22 is divided by (-3)/(-1) + r + -2 + 13?
8
Let b = -49 + 37. Let j = 10 - b. Calculate the remainder when j is divided by 13.
9
Let x = 13 + -4. Suppose -5*c - 12 = -4*z, 0 = 2*c + 2*c + 3*z - x. Let p = 3 + c. What is the remainder when p is divided by 2?
1
Suppose -3*b - 15 = 3. Let f(v) = -v**3 - 7*v**2 - 8*v - 10. Let r be f(b). Let y(m) = 4*m**2. Calculate the remainder when 47 is divided by y(r).
15
Let k = -71 - -77. Let c = 38 - 27. Calculate the remainder when c is divided by k.
5
Suppose -k - 3*k - 3*l = -13, l = 4*k - 1. Let s = 3 + -5. What is the remainder when s + (k - 1) - -47 is divided by 16?
13
Let w(y) = 121*y - 49. Calculate the remainder when w(3) is divided by 48.
26
Suppose -3*c + 4*z - 18 = -0, 0 = 2*z. What is the remainder when 16/(-48) - 74/c is divided by 3?
0
Suppose 0 = -4*d + 2*l + 84, l + 21 = d - 3*l. Let i(u) be the first derivative of 15*u**2/2 - 18*u + 18. What is the remainder when d is divided by i(2)?
9
Suppose 15*z - 1362 = 198. What is the remainder when z is divided by 52?
0
Let n(d) = d**3 + 9*d**2 - 15*d - 30. Let p be n(-10). Calculate the remainder when p*((-3)/(-24))/((-2)/(-36)) is divided by 16.
13
Let n(j) = -j**2 + 13*j + 17. Let f be n(14). Suppose -6 + 3 = 3*o, f*d - 55 = 4*o. What is the remainder when 98 is divided by d?
13
Suppose -153 - 43 = -7*l. Let o(p) = p**2 + 13*p - 3. Calculate the remainder when o(6) is divided by l.
27
Let a(w) = -26*w**2 - 2*w + w**3 - 37*w**2 + 57*w**2 - 19. What is the remainder when 125 is divided by a(7)?
13
Suppose p + 2*t = 47, p + 3*t = 8*t + 82. What is the remainder when p is divided by 142/7 + 2/(-7)?
17
Suppose -2*z + 335 = 3*z. Let x = z + -56. What is the remainder when 16 is divided by x?
5
Suppose 1196 = 2*g + 532. What is the remainder when g is divided by 84?
80
Calculate the remainder when ((-117)/2 + 5)*-6 is divided by 54.
51
Let m be ((-7)/(-3))/(8/24). Let a(b) = 11*b**2 - 3*b + 4*b - m + 3*b - b**3. Calculate the remainder when a(11) is divided by 20.
17
Suppose 0 = 18*w + 27 - 369. Let z be (-4)/10 + 72/30. Suppose -t + 3*g - 1 = -5, 4*t - 36 = z*g. What is the remainder when w is divided by t?
9
Let d(g) = g**3 - 13*g**2 - 2*g + 16. Let x be d(13). Let y(i) = i**2 + 6*i - 23. Calculate the remainder when y(x) is divided by 4.
1
Let g(d) = d**3 + 11*d**2 - 28*d + 24. Let c be g(-14). Let k = c + 194. What is the remainder when k is divided by 6/4*(3 + 1)?
4
Suppose 8 = -4*u - 4*i, 3*i - 2 = 2*u - 8. Suppose u*f + 4*f - 192 = 0. Suppose -o + 135 